te number?
True
Let o be 78/21 - 2/(-7). Suppose -o*c + 2114 = -6482. Is c prime?
False
Is (5/(-5) - 1) + 3355 a prime number?
False
Suppose 5*k + 76 = v - 0*v, 5*v - 440 = 5*k. Suppose 0 = 3*q - 71 - v. Let a = q + -17. Is a a prime number?
True
Let n(a) = 21*a**3 - 36*a**3 + 18*a**3 + 3. Let f be n(5). Let t = 613 - f. Is t prime?
False
Let k be (2 - (-6 + -3)) + -1. Let b(o) = -o**2 + 14*o + 31. Is b(k) a composite number?
False
Let v = 89344 - 49193. Is v a composite number?
False
Is 52156/8 + 1 - 25/(-10) composite?
True
Let y(b) = 33*b**2 + 29*b + 467. Is y(-38) a composite number?
False
Let j = -497 + 745. Let h = 162 - 321. Let u = j + h. Is u a composite number?
False
Let a(f) = f**3 - 11*f**2 - 19*f + 18. Suppose 4*n = 3*n + 2. Let w(o) = 2*o**3 - 2*o**2 + 3*o - 1. Let v be w(n). Is a(v) a composite number?
False
Suppose -2*i + 5*m = -247, 0 = -2*i + i + 2*m + 122. Let l(x) = -x**3 + 5*x**2 + x - 3. Let p be l(4). Let k = p + i. Is k a composite number?
True
Suppose -12943 = -4*a - 1427. Is a a prime number?
True
Let m = 54 - 114. Let y be ((-2)/5)/(12/m). Let s(x) = 41*x**2 + x + 1. Is s(y) composite?
False
Suppose 0 = -2*d - 3*d + 3640. Let g = 1789 - d. Is g prime?
True
Suppose -21194 = -i - 2*i + n, -5*i = 5*n - 35350. Suppose -882 - i = -4*s. Is s a prime number?
True
Let d(l) be the third derivative of l**5/60 + 43*l**3/2 - 2*l**2. Let n be d(0). Suppose -4*m - n = -7*m. Is m composite?
False
Let n = 4 + 3. Suppose 0 = i + 2*a - n, -a - 1 = -5*i + 12. Let g(q) = 2*q**3 + q**2 + q + 1. Is g(i) a prime number?
True
Suppose -20*v - 1145 = 1415. Let a = 339 + v. Is a composite?
False
Let z(p) = 2*p**3 - 17*p**2 - 18*p + 4. Let w be (52/6)/(5*(-2)/(-15)). Is z(w) a prime number?
True
Suppose 18*n + 39*n = 470991. Is n a composite number?
False
Let w = 31 - 9. Let k = w + -20. Suppose -5*v = k*f - 76 - 133, -3*v + 9 = 0. Is f prime?
True
Let h(n) = n**2 + n + 1. Let l(z) = 6*z**2 + 4*z - 5. Let k = 21 - 23. Let w(b) = k*h(b) + l(b). Is w(8) prime?
False
Is (2 + 6 - 7)*11483 a prime number?
True
Suppose 2*b - 26 = -2*z, 3*z - 2*z = 2*b + 4. Suppose z*v - 2220 = 6310. Is v a composite number?
False
Let a(c) = c**2 + c. Let g be a(1). Suppose -4*k = 3*f + 399, f + 15 = -g*f. Is -2 + (k/4)/(-1) a composite number?
True
Let a(d) = -100*d + 5. Let m be a(6). Let f = -236 - m. Is f a composite number?
False
Let o be 73*49 + 6/2. Suppose -3*r + 7*r = o. Is r prime?
False
Suppose f - 5*f = -j + 33, -3*f - j = 30. Is -2 - (11208/f + (-3)/(-9)) a composite number?
True
Let q(w) = 2*w**2 - 4*w - 13. Let s = -47 - -41. Is q(s) prime?
True
Suppose -4062 - 1158 = -3*i. Let l = i - 943. Is l composite?
False
Suppose -74*d = -65*d - 36999. Is d prime?
True
Suppose 0 = 9*g + 44 + 10. Is (4 - 2235/g)*2 a prime number?
False
Let l(o) = 3*o**3 + 7*o**2 + 17*o. Let b be l(12). Suppose -11*n = -21863 - b. Is n a composite number?
True
Is (-46611)/(-18) + 20 + 1/(-2) prime?
True
Let c = -3 + 2. Suppose 0*n + 14 = 14*n. Is 4 - n*(c + -2) a composite number?
False
Suppose -7*t + 18665 = -11204. Is t a composite number?
True
Let s be -3*4/(-4) - -3550. Let y = 5944 - s. Let m = y - 794. Is m prime?
True
Let j(i) = -2 + 889*i**2 + 0*i + i + i + 0. Is j(1) a prime number?
False
Let w = 553 - 1045. Let l = w + 833. Let s = l + 72. Is s prime?
False
Is (4 - (-76)/(-16)) + (-17788)/(-16) composite?
True
Suppose 0 = 18*g - 23*g + 1925. Let x = 890 - g. Is x composite?
True
Let t = 1832 - 866. Suppose -398 = -4*m + t. Is m a composite number?
True
Let f(q) = 10*q**2 + 13*q - 8. Let z be f(-13). Suppose 2*w - 760 = -2*r, -4*r = 3*w - 6*w - z. Is r a prime number?
True
Let p = 46 + -12. Let x = 36 - p. Is (-1)/x - (-225)/6 a composite number?
False
Suppose 0 = 3*l + l - 2*z - 18, 0 = -2*l + 4*z. Let c = -4 + 0. Is 3832/(-12)*l/c composite?
False
Let r(b) = -2*b**3 + 16*b**2 + 4*b - 31. Let o(c) = 4*c**3 - 33*c**2 - 8*c + 63. Let s(a) = 6*o(a) + 11*r(a). Is s(16) composite?
True
Is (14/4)/(126/2236284) a composite number?
False
Let f(n) = -n**2 - 21*n - 13. Let l be f(-12). Is (-3)/5 - (-21242)/l composite?
False
Let g = 69 - 47. Let q = -18 + g. Suppose -q*x = -1486 + 194. Is x prime?
False
Let b = 563 - 162. Is b composite?
False
Suppose -3*t = n - 3575, 4*t - 14364 = -4*n + 8*t. Is n prime?
False
Let y = -17 + 36. Suppose y*n - 18*n - 67 = 0. Is n composite?
False
Let r(f) = 1921*f - 7. Is r(6) composite?
False
Suppose -14*l - 160 = -34. Let o(g) = -g**3 + 2*g**2 - 19*g + 17. Is o(l) composite?
True
Let i = 1188 + -180. Suppose -778 - i = -2*a. Is a a composite number?
True
Is 0 + (2 - (-2)/1 - -42) a prime number?
False
Let s(y) = y**3 + 13*y**2 + 15*y + 11. Let q be s(-12). Let m = q - -27. Suppose -m*j - 5*z = -756, -4 - 6 = -5*z. Is j composite?
False
Let y be -9*4/(-12) + -3. Let o = y + 106. Is o a composite number?
True
Let c(d) = 207*d**2 + 7*d + 71. Is c(19) composite?
True
Let m(k) = 1431*k + 6. Is m(1) a prime number?
False
Let r = 1580 - 1117. Suppose -5*v + 32 = -r. Is 21/(-35) - v/(-15) prime?
False
Let s be (51/(-12))/(1/(-12)). Let k = -24 + s. Is k/2 - (-3)/2 composite?
True
Let m(u) = -u**3 - 12*u + 7*u + 4*u + 3*u + 6*u**2 - 7. Let y be m(6). Suppose -y*i + 93 = -2*i. Is i prime?
True
Suppose 0 = -37*m + 22*m + 290985. Is m a composite number?
True
Suppose w + h = 1081, -6*w + 5405 = -w + h. Is w prime?
False
Suppose 4*l = 9*l - 2855. Is l composite?
False
Let n(p) = 23355*p**2 + p + 3. Is n(-1) a prime number?
True
Let r(w) = -300*w + 32. Let i be r(-5). Suppose -5*o + 2163 = -i. Is o prime?
True
Let h(b) = b**3 + 9*b**2 + b - 12. Let g be h(-9). Let z = 28 + g. Is z a composite number?
False
Suppose -b + 7827 = 5*k, 2*k - 7821 = -5*b + 4*b. Is b composite?
False
Suppose 4529 = 5*a + 2*a. Is 2*a/8*4*1 composite?
False
Let t = 66 + -26. Suppose n + t = -3*n. Is (-685)/n + 6/(-4) composite?
False
Let f(s) be the third derivative of -7/6*s**3 + 0*s - 1/10*s**5 + 0 + 6*s**2 - 1/24*s**4 - 1/40*s**6. Is f(-5) composite?
False
Suppose 2*i - 14 = -2*r, 3*i - 36 = 3*r - 9. Suppose 2*w - 12 = v, v - 2*v - i = -w. Suppose 3*o - 2*q - 55 = 18, w*q - 43 = -3*o. Is o a composite number?
True
Let m(g) = 65*g - 2. Let k be m(1). Let w = 190 - k. Is w a prime number?
True
Let y = 23 - 20. Is 2622/(-9)*y/(-2) a composite number?
True
Let b(h) = -33*h**2 - 3*h - 17. Let z be b(-4). Let x = -330 - z. Is x a prime number?
False
Let p(c) = -2*c - 21. Let u = -12 + -1. Let z be (-6)/(-4)*(1 + u). Is p(z) a composite number?
True
Let l = 3473 + -2214. Is l a composite number?
False
Suppose -4*y + k + 32 = -2*k, -4*y = -4*k - 36. Suppose -5*t = -y*i + 6805, -4*i = -t - 4957 - 487. Is i a composite number?
False
Let f(o) be the second derivative of o**5/20 - 2*o**4/3 + 5*o**3/6 - 3*o**2/2 - 7*o. Let l be f(7). Is (l/34)/((-1)/586) a composite number?
False
Let k(s) = -s**3 + s + 3*s + 1 - 3*s + 9*s**2 + 10*s. Let f be k(8). Suppose 2*p = -p + f. Is p a prime number?
False
Suppose -17*f + 23*f - 78 = 0. Suppose 1633 = f*h - 14136. Is h a prime number?
True
Suppose -3*u - 5*g - 1000 = -2879, -4*u = -2*g - 2540. Suppose -13*p + 10*p + u = 0. Is p a prime number?
True
Is 3*318 - (-12)/3 composite?
True
Let h(s) = -50*s. Let m be h(1). Let u(g) = 2*g**2 + 17. Let j be u(-6). Let f = j + m. Is f prime?
False
Let f(g) = g**3 - g**2 - g + 1. Let o be f(7). Let v = o - -413. Is v composite?
False
Let d(c) = 81*c + 16. Suppose 37*o = 39*o - 22. Is d(o) prime?
True
Let h be (35/56)/(2/16). Suppose -2*g + h*l + 608 = -760, -4*g - 5*l = -2796. Is g a prime number?
False
Let b(c) = 2*c**2 + 2*c - 2. Suppose -5*q + 10 = 5*w - 0*q, q = -3*w - 2. Let d be b(w). Is 82/d + (-2)/1 a composite number?
True
Let x = 8 + -5. Let q = x - 7. Is (-4)/q - -118*1 a composite number?
True
Suppose -2*c + 1110 = -7*c. Suppose 4*p - 16 = 0, 0 = 3*q - 2*p - 1688 - 467. Let v = q + c. Is v a composite number?
False
Let t(z) be the third derivative of 8*z**2 + 5/24*z**4 + 1/60*z**5 + 0*z + 1/2*z**3 + 0. Is t(5) composite?
False
Let x(n) = n**3 - n**2 - 2*n + 1. Let q be x(-2). Let f(z) = -z**3 - 8*z**2 - 7*z - 1. Let p be f(q). Is 155 - 0 - (-1 + p) composite?
False
Let r(c) = -806*c + 137. Is r(-25) a composite number?
False
Let h(d) = -d + 1. Let b(o) = -3*o**2 - 3*o - 4. Let g(c) = -2*b(c) + 6*h(c). 